5*v - 14 - 11 = 0. What is the remainder when 10 is divided by w?
4
Let c be (8/(-12))/(8/(-36)). Suppose c*q + 2*w = 86, -w + 0*w + 134 = 5*q. What is the remainder when 76 is divided by q?
24
Let u(k) = k - 12. Let t(l) = 4*l - l - 1 - 2*l. Let n(a) = -5*t(a) + u(a). What is the remainder when 50 is divided by n(-6)?
16
Let r be 5 + 0/(-1) + -2. Suppose x + r = 9. Calculate the remainder when 16 is divided by x.
4
Let w(y) = -22*y**2 - 1 + 22*y**2 - y - 13*y**3. Calculate the remainder when 38 is divided by w(-1).
12
Calculate the remainder when (-198)/8*(-120)/45 is divided by 17.
15
Let z(b) = -b**2 - 2*b - 7. Let g be z(-6). Let j = 0 - g. Calculate the remainder when j is divided by 11.
9
Let o(u) = u**3 + 13*u**2 + 11*u - 12. Calculate the remainder when o(-11) is divided by 28.
25
Suppose 4*a - 10 = 54. What is the remainder when 63 is divided by a?
15
Suppose 0 = -4*n - 21 + 1. Calculate the remainder when 52 is divided by (n/((-10)/36))/1.
16
Let g(o) = o**2 + 8*o - 9. Let y(b) = -2*b - 1. Calculate the remainder when g(-11) is divided by y(-5).
6
Let c(j) = -j**3 - 3*j**2 + 3*j - 3. Let q be c(2). What is the remainder when 62 is divided by -2*(q/2 + -2)?
20
Suppose -2*m - 12 = -i, -i - 2*m = -4*i + 48. Calculate the remainder when 71 is divided by i.
17
Suppose 5*o = 4*l - 237, 4*o = 3*l + 7*o - 198. Let f(s) = s**2 + s - 4. What is the remainder when l is divided by f(-5)?
15
Suppose -5*p + 6*p = 39. Let w = p - 26. Calculate the remainder when 37 is divided by w.
11
Suppose -10 + 0 = 2*r. Let p(o) = o + 10. Let v be p(r). Suppose -5*a + 7 = -x - 2*x, 0 = -v*x + 5. Calculate the remainder when a is divided by 1.
0
Let t(l) = l**3 - 2*l - 1. Let b be t(-1). Suppose -10 = -b*s - 2*s. Calculate the remainder when 9 is divided by s.
4
Suppose 3*j - 2*q - 14 - 5 = 0, 5*j - 21 = -2*q. Suppose 5*x - 4*v + 92 = x, -j*x - 105 = -3*v. Let d = x + 34. Calculate the remainder when 30 is divided by d.
14
What is the remainder when 22/33 + 26/6 is divided by 4?
1
Let s be 6/(-4) - (-4)/(-8). What is the remainder when -2*1 - 32/s is divided by 5?
4
Let u be -4*(1/2 + -1). Suppose 5*w - 180 = n, w + n + u*n - 20 = 0. Calculate the remainder when w is divided by 12.
11
Calculate the remainder when 14 is divided by (-90)/(-30)*(-16)/6*-1.
6
Let h(q) = q**2 + 2*q - 5. Suppose 2*f - 2 = -2*y, y + y - 5*f = 16. Let c be 2/3*(-18)/y. Calculate the remainder when 5 is divided by h(c).
2
Let y(p) = -2 + 5*p + 3 - 2. Let z be y(-4). Let s = z - -39. What is the remainder when 53 is divided by s?
17
Suppose -5*s + 88 = -32. Let n = s + -9. Calculate the remainder when 58 is divided by n.
13
Let t(m) = 2*m**2 + m - 32. Calculate the remainder when t(5) is divided by 15.
8
Suppose -w + 3 = 5*r, 7*w - 3*w = 5*r + 87. Suppose -6*d + 3*d = -90. Calculate the remainder when d is divided by w + (2*-1)/1.
14
Let q = -24 + 16. Let x = q - -18. What is the remainder when 18 is divided by x?
8
Suppose 0 = 2*u - 0*u - 6. Suppose -5*y - 3*w + 94 = -4*w, -u*y + 59 = 2*w. What is the remainder when 55 is divided by y?
17
Suppose -2 = 2*l - 10. Calculate the remainder when (-1 - -1)/(7 - 5) - -6 is divided by l.
2
Let n(g) = -g + 41. Calculate the remainder when n(0) is divided by 21.
20
Let z = -29 - -57. What is the remainder when z is divided by (-720)/(-96)*4/3?
8
Let u(g) = -g**3 + g**2 + 4*g + 3. What is the remainder when (-27)/(-27) + 11 + 1 is divided by u(-2)?
6
Let f(i) = 10*i**3 + 3*i - 2. Let r be f(2). Let g(c) = -15*c + 2. Let p be g(3). Let m = p + r. What is the remainder when m is divided by 14?
13
Let c be (32/10)/(2/10). Suppose 4*v - c = 68. Suppose 2*n - 123 = -n. What is the remainder when n is divided by v?
20
Let m = -36 + 56. What is the remainder when m is divided by 11?
9
Let y(p) be the third derivative of -p**6/120 - p**5/60 + p**4/24 + 65*p**3/6 + p**2. What is the remainder when y(0) is divided by 22?
21
Suppose -4*y = -6*y + 34. What is the remainder when 43 is divided by y?
9
Suppose -f - 3*i + 27 = 0, 5*f - 107 = -2*i + 15. Let q = -60 - -154. What is the remainder when q is divided by f?
22
Suppose -111 + 39 = -2*z - 2*m, 5*z = -m + 200. Calculate the remainder when z is divided by 21.
20
Let p(n) = n**3 + 20*n**2 + 18*n - 3. Let a(y) = 3*y**2 + 2. Calculate the remainder when a(5) is divided by p(-19).
13
Let m be ((-2)/(-4) - 0)*0. Suppose 2*l = 3*y - m*y - 4, -5*y = l - 11. Let q(f) = 15*f - 1. What is the remainder when q(y) is divided by 10?
9
Let s(x) = -x**2 + 25*x - 29. What is the remainder when s(12) is divided by 10?
7
Suppose 95 = 5*w - 35. Let r = 2 + -2. Calculate the remainder when w is divided by 14 + r - 0/1.
12
Let k(y) = 2*y**2 - 8*y - 2. Suppose 5*f - m = 103, 0 = -f + 2*m - 3 + 20. What is the remainder when k(8) is divided by f?
20
Suppose -6*d + 12 = -2*d. Suppose -2*u = 4*o - 12, -d*u + 1 = 7. Suppose 0 = -4*a + 28 - o. What is the remainder when 11 is divided by a?
5
Let m(a) = a**2 + 3*a + 1. Let h be m(8). Let n = h + -36. Calculate the remainder when n is divided by 14.
11
Let x(w) = -2*w + 6. Suppose 4*g - 28 = -2*y - 6, 4*g - 13 = -y. What is the remainder when x(-10) is divided by y?
8
What is the remainder when (-34)/((-3 - 1) + 3) is divided by 6?
4
Let n(x) = -3*x**2 + x**2 + 35*x**2 + x. Calculate the remainder when n(1) is divided by 18.
16
Let x = 3 + 2. Calculate the remainder when x is divided by 4.
1
Suppose -35 = 3*v + 2*v. Let q = 23 + v. What is the remainder when 30 is divided by q?
14
Suppose h + 18 = 4*h. Let n = 10 + 9. Suppose o - n = h. Calculate the remainder when o is divided by 9.
7
Let a(q) = -1 + 1 + 6*q**2 - 1. Suppose 4*h - 2*i + 4*i = 30, -13 = -2*h - 3*i. Calculate the remainder when a(-2) is divided by h.
7
Suppose -5*n + 227 = -j, -3*j + 14 = 2*n - 87. Let v be 23/2*(10 - 12). Let g = n + v. What is the remainder when g is divided by 12?
11
Let u = 16 - 10. Let o = -109 + 125. What is the remainder when o is divided by u?
4
Let t = 197 - 133. Calculate the remainder when t is divided by 22.
20
Let i(k) = -k + 8. Let a(b) = -20*b - 3. Calculate the remainder when a(-2) is divided by i(-11).
18
Let t be (-18)/(-5) - 6/(-15). Suppose -2*h - 10 = -2*y, y - t*y = h - 3. Suppose y*c = 9 + 7. Calculate the remainder when 14 is divided by c.
6
Calculate the remainder when 59 is divided by (-2)/(-9) - 3738/(-189).
19
Let p be (-43)/5 - 8/20. Let f be 9*(-1 + (-12)/p). Suppose f*x - 9 + 3 = 0. What is the remainder when 5 is divided by x?
1
Calculate the remainder when 9 is divided by 5 - (0/(-2) - -2).
0
Suppose -170 = -9*k + 7*k. Calculate the remainder when k is divided by 43.
42
Suppose 4*z + 4*q - 2*q - 22 = 0, -5*q - 20 = -5*z. Suppose 5*p - 25 = 0, -3*p + 0 = -2*v + 1. What is the remainder when v is divided by z?
3
What is the remainder when 68 is divided by 4 + 13 - (2 + 1)?
12
Suppose -5*q + 64 = -3*q. Suppose v - 2*f = q, 5*f = 3*v - 2*v - 41. Calculate the remainder when 50 is divided by v.
24
Suppose 0 = j, 3*u + 3*j = -1 + 22. Calculate the remainder when 20 is divided by u.
6
Let t = 10 - 7. Suppose -t*z + 3*a + 48 = -0*z, 0 = -a + 5. Calculate the remainder when z is divided by 11.
10
Let q(s) = s**3 + 38. Calculate the remainder when q(0) is divided by 18.
2
Let o(l) = l**2 + l - 8. Calculate the remainder when o(-7) is divided by 18.
16
Suppose 0 = -k - 0*k + 16. What is the remainder when k is divided by 6?
4
Suppose 0 = -4*f + 8 - 28. Calculate the remainder when 22 is divided by ((-2)/(-2))/(f/(-60)).
10
Let q(j) = j**2 - 8*j - 9. Let i be q(9). Let d(n) = n + 5. Let m be d(i). Suppose -204 = s - m*s. Calculate the remainder when s is divided by 13.
12
Suppose 0 = -q + 5*j - 2*j + 11, 0 = 2*q - 4*j - 24. Let z = q - 1. What is the remainder when 37 is divided by z?
11
Suppose 4*p = -4*t + 8, 3*p = t + 2*p - 4. Suppose 0 = -b + t. Suppose 13*y - 9*y - 8 = 0. What is the remainder when b is divided by y?
1
Suppose 0 = 3*m - 0*m - 93. Suppose l = 2*x - 1 - 7, -l = 0. Calculate the remainder when m is divided by 1/(-2) - (-46)/x.
9
Suppose -3*o + 4*o - 35 = 0. What is the remainder when o is divided by 20?
15
Suppose 3*w - 6*w = -3. Calculate the remainder when 36/((-6)/(-3))*w is divided by 10.
8
Let b(p) = -p**2 - 6*p + 4. Let l be b(-6). Suppose 5 = -3*m - l. Ca